-34. Let v = -77 - -95. Suppose 16 = v*u - 16*u. What is the highest common factor of s and u?
8
Let f(v) = 64*v + v**2 + 55 - 37*v - 43*v. Let g be f(20). Calculate the greatest common factor of g and 18.
9
Let a(u) = 26*u - 1052. Let b be a(56). Calculate the highest common factor of 4 and b.
4
Let v(h) = h**3 + 16*h**2 - 3*h + 83. Let n be v(-16). Let f = n + -119. Let x = -5 - -101. What is the greatest common divisor of f and x?
12
Let l(p) = p**2 + 2*p - 4. Let u be l(0). Let w(q) = -6*q - 21. Let g be w(u). Let y be 0 + -1 - 3 - -19. Calculate the greatest common divisor of y and g.
3
Let u(c) = 4*c**2 - 5*c + 19. Let p be u(5). Let k(g) = g**3 - 4*g**2 - 20*g + 10. Let r be k(9). What is the highest common divisor of p and r?
47
Let b(g) = 24*g**3 + 9*g**2 + 30*g + 9. Let y be b(4). What is the highest common factor of y and 469?
67
Suppose 0 = 5*a - 5*x + 10, -3*a - 5*x = -6*a - 4. Let u(d) = -d**2 + 2*d**2 + 18 - d - 19. Let m be u(a). Calculate the greatest common divisor of m and 77.
11
Suppose 2*r - 281 = 544*h - 539*h, -3*r + 5*h + 419 = 0. Let d = 0 + 0. Suppose r*o - 139*o + 270 = d. Calculate the greatest common factor of 30 and o.
30
Suppose 24*r - 794 = 5758. Let j = 327 - r. Calculate the highest common divisor of j and 486.
54
Let p(g) = -g**3 - 2*g**2 - 7*g - 7. Let a be p(-2). Calculate the highest common factor of 287 and a.
7
Let r(d) = 14*d**2 + 114*d + 194. Let q be r(-30). What is the greatest common factor of 86 and q?
86
Suppose -c + 50 = -4*w, -3*w = -4*w + 1. Let y(q) = -54*q + 3510. Let s be y(62). What is the highest common divisor of c and s?
54
Suppose 0 = -4*k + 2*o + 1206 + 8112, -5*o = -2*k + 4639. Calculate the highest common divisor of 132 and k.
44
Let f be (-4)/(-22) + 36156/1518. What is the greatest common divisor of 2776 and f?
8
Let l = -13676 + 13732. Calculate the highest common divisor of 4032 and l.
56
Let x be (-16)/80 - (-21)/5. Let v be 276/x + -4 + 3 + 0. What is the greatest common divisor of 153 and v?
17
Let o(c) = -8*c**2 + 5*c - 24. Let b be o(6). Let p = 503 + b. What is the highest common factor of p and 26?
13
Suppose -7 = -n + 67*j - 66*j, -n + 4*j - 5 = 0. Suppose 2*k + 2*g = 506, 5*g = 2*k + g - 506. Calculate the greatest common divisor of n and k.
11
Let z(w) = 33*w + 4801. Let y be z(127). What is the highest common factor of 32 and y?
32
Let c = -158 - 115. Let y = 504 + c. What is the highest common factor of 6 and y?
3
Suppose -3*z = -2*n - 720 + 188, 5*n = -10. Let g = -102 + 79. Let f(l) = -2*l - 35. Let w be f(g). Calculate the highest common factor of z and w.
11
Suppose 83*j - 78*j = -4*s + 2437, 0 = 5*j + 3*s - 2429. Calculate the highest common factor of 185 and j.
37
Let o(j) = -13*j**2 + 325*j - 8. Let r be o(7). What is the highest common divisor of 10 and r?
10
Suppose -3*p = 3*p + 324. Suppose -2*g - i + 241 = -0*g, -4*g + 479 = 3*i. Let k = g + p. What is the greatest common divisor of 17 and k?
17
Let d(c) = c**3 - 34*c**2 + 160*c - 8. Let b be d(36). What is the highest common divisor of 56 and b?
56
Let h be 4/6 - (-722)/6. Suppose 5*m = 7 + 63. Let a(u) = u**3 - 12*u**2 - 26*u - 17. Let d be a(m). What is the greatest common factor of h and d?
11
Suppose 2*y - 4*f = -2*y + 252, 5*f = 25. Let w = -63 + y. Calculate the highest common divisor of 40 and w.
5
Suppose l + 115 + 54 = 5*v, -5*l = 3*v - 79. Calculate the highest common divisor of v and 48.
3
Let b(k) = -2*k**2 + 25*k - 17. Let h be b(10). What is the greatest common factor of h and 154?
11
Suppose -83*u = -88*u - 4*w + 6856, -5*u + 6861 = -w. Calculate the highest common divisor of u and 4.
4
Let t = -871 - -1396. Suppose -14*q + 17*q - t = 0. Let f(m) = 25*m**3 + m**2 - m. Let j be f(1). What is the greatest common factor of q and j?
25
Let n = 33 + -31. Suppose -4*b + 3*c + 21 = 0, 0 = -n*b - 4*c - 3 - 3. What is the highest common factor of 1 and b?
1
Suppose 5*l + 5*m = 585, -315 = -4*l + 5*m + 189. Let h = 209 - l. What is the greatest common factor of h and 55?
11
Suppose 2*g = 17 + 31. Suppose 3*i - 131 = 5*h + g, 2*h + 31 = -5*i. Let m = 44 + h. What is the greatest common factor of 64 and m?
16
Suppose -60*q + 600*q - 908280 = 0. Calculate the highest common divisor of 8 and q.
2
Suppose -2*q + 8 = 2*q. Suppose q*y + 1 = 41. What is the greatest common factor of y and 50?
10
Let g(r) = -2*r - 51. Let i(u) = -3*u - 49. Let o(k) = -4*g(k) + 5*i(k). Let c be o(-11). What is the highest common divisor of c and 132?
12
Let l(n) = 70*n + 90. Let x be l(2). Calculate the highest common divisor of 2116 and x.
46
Let j = 1828 + -783. Calculate the greatest common factor of j and 110.
55
Suppose 2*q + 4*x - 21 = -19, 5*q = -x + 14. Let a be -11 + 68 - (q + -9). Let n = -8 + 15. What is the highest common factor of a and n?
7
Let i be (320/800 - 262/(-20))/((-1)/(-12)). Calculate the greatest common factor of i and 9774.
54
Let s(g) = -18*g - 436. Let r be s(-96). What is the greatest common divisor of r and 1700?
68
Suppose -13 = t - 3*b + b, 37 = -5*t - 4*b. Let g = 49 + t. Calculate the highest common factor of g and 24.
8
Suppose 2 = 14*h - 12, -p = 2*h - 11773. Calculate the highest common factor of 79 and p.
79
Let d(y) = 7*y**2 - 3*y + 2. Let a be d(1). Suppose 14 = a*u - 4. Suppose f = 31 - u. Calculate the greatest common divisor of 4 and f.
4
Let j(g) = -549*g + 1217. Let c be j(-5). What is the greatest common factor of 35 and c?
7
Let k = -3422 + 3592. What is the highest common divisor of k and 95?
5
Let m = -63 + 99. Suppose 3*u = 3*l + m, 4*u + l - 16 = 37. Suppose -8*b = -23*b + 4875. Calculate the greatest common factor of u and b.
13
Let c = 5523 + -5417. Calculate the highest common factor of c and 70.
2
Suppose 0 = 86*r - 85*r + 5. Let w be (-66)/r + ((-60)/(-25))/(-12). Calculate the highest common divisor of 416 and w.
13
Suppose -13*o - 5*a = -22*o + 996, 5*o + 3*a - 536 = 0. What is the greatest common divisor of o and 327?
109
Suppose 4*p + 4*p = 96. Let a be (246/p)/(2/4). Suppose a = -7*b + 223. Calculate the greatest common divisor of 130 and b.
26
Let j = -2 + 9. Let p = j + 56. Let t be (0 - 3)/((-5)/70). Calculate the greatest common factor of p and t.
21
Let c(r) be the third derivative of r**4/12 + 11*r**3/6 - 6*r**2. Let w be c(-10). Let t be 4/2*w/(-6). Calculate the highest common factor of 3 and t.
3
Let a be ((-158)/4 - 6/(-12))*6/(-9). Calculate the greatest common factor of a and 1456.
26
Suppose 12*m = m - 55. Let t(i) = -i**3 - 3*i**2 - 11*i - 1. Let h be t(m). What is the highest common factor of 260 and h?
52
Suppose -l = 3*l - 2640. Suppose l = 5*k - 110. Let w(o) = -1245*o - 7448. Let z be w(-6). Calculate the greatest common factor of k and z.
22
Let b be ((-5)/2)/(6/(-48)). Suppose -2*z = -4*m - 20, 4*z - 5*m - 20 - b = 0. What is the highest common factor of 18 and z?
2
Suppose 59*p - 6800 = 25*p. What is the greatest common divisor of 3080 and p?
40
Let m(f) = 670*f**2 + 16*f + 117. Let c be m(-4). Calculate the greatest common factor of 21 and c.
21
Let l(w) = 5*w + 0*w + 55 - 7*w + 56 + 3*w. Let o be l(43). Calculate the greatest common divisor of 21 and o.
7
Suppose 371*f = 294*f + 4389. Calculate the highest common factor of 893 and f.
19
Let i = -6306 - -7224. Calculate the greatest common divisor of i and 144.
18
Let z = 21946 + -19777. Calculate the greatest common divisor of z and 45.
9
Let z(v) be the third derivative of v**4/8 + 52*v**3/3 + 116*v**2. Let g be z(-18). What is the greatest common divisor of g and 125?
25
Suppose 1704 = 4*y - 2*i, 9*i + 2 = 8*i. Let x = y + -381. Calculate the greatest common divisor of x and 99.
11
Let p(m) = m**3 - 12*m**2 + 244*m - 2744. Let o be p(12). Let a be 46*(1 + 2/(-4)). Calculate the greatest common factor of o and a.
23
Let b = 16248 + -6999. Calculate the highest common divisor of b and 3.
3
Let y = -25 - -52. Let l(b) = -42*b**2 - 388*b + 18. Let s be l(-9). What is the greatest common divisor of y and s?
27
Suppose 5*c + 3*d = -16 + 11, 8*c = 3*d + 31. What is the highest common factor of 72 and c?
2
Suppose 5*v - 3*v = 8. Suppose v*w + 115 = -u, -4*w = 4*u - 2*w + 502. Let a = 183 + u. What is the greatest common factor of 8 and a?
8
Let t be 50*((-36)/(-30))/1 + 0. Calculate the highest 